nd 102787?
41
What is the highest common factor of 15 and 77935?
5
What is the greatest common divisor of 3375 and 9600?
75
What is the highest common divisor of 153 and 743580?
153
What is the highest common divisor of 1268154 and 2538?
846
Calculate the highest common divisor of 68400 and 135.
45
What is the greatest common factor of 18084 and 95352?
1644
What is the greatest common divisor of 2255 and 4455?
55
Calculate the greatest common factor of 68 and 136102.
34
What is the highest common factor of 257 and 615001?
257
What is the highest common divisor of 425937 and 138?
69
Calculate the greatest common factor of 21 and 10402.
7
Calculate the greatest common factor of 268641 and 1368.
171
Calculate the greatest common factor of 12 and 371064.
12
What is the highest common divisor of 2134033 and 66?
11
Calculate the greatest common divisor of 81795 and 210.
105
What is the greatest common divisor of 2307942 and 936?
234
What is the highest common factor of 75 and 29485?
5
Calculate the greatest common divisor of 81535 and 805.
115
Calculate the greatest common divisor of 315 and 38535.
105
What is the highest common divisor of 47528 and 5027?
457
What is the greatest common factor of 27486 and 378?
54
Calculate the highest common divisor of 41650 and 34.
34
What is the highest common factor of 45 and 196323?
3
Calculate the greatest common divisor of 193992 and 107616.
1416
Calculate the greatest common factor of 1638 and 504.
126
Calculate the greatest common divisor of 265 and 9801820.
265
Calculate the greatest common divisor of 9313 and 20435.
67
What is the greatest common divisor of 234 and 5843916?
234
Calculate the highest common divisor of 166145 and 15463.
329
What is the greatest common divisor of 1365 and 128700?
195
What is the greatest common divisor of 1584 and 319176?
792
What is the highest common factor of 91195 and 10370?
305
Calculate the highest common factor of 55400 and 1400.
200
What is the highest common factor of 216 and 22842?
54
Calculate the greatest common divisor of 341367 and 273.
39
Calculate the greatest common factor of 36672 and 255.
3
Calculate the highest common divisor of 21 and 99561.
21
Calculate the greatest common divisor of 322 and 158263.
161
Calculate the greatest common factor of 3103 and 1189.
29
What is the highest common factor of 32491 and 2?
1
Calculate the highest common divisor of 704900 and 400.
100
What is the greatest common divisor of 25120 and 1555?
5
Calculate the highest common divisor of 808 and 2546412.
404
Calculate the greatest common factor of 1886 and 1148.
82
What is the highest common divisor of 70 and 1539790?
70
Calculate the highest common factor of 1829 and 213745.
31
What is the highest common factor of 11651 and 549?
61
Calculate the greatest common factor of 66 and 80382.
6
Calculate the greatest common divisor of 335 and 32026.
67
What is the greatest common divisor of 14 and 256977?
7
What is the greatest common factor of 74168 and 438?
146
Calculate the greatest common factor of 404 and 229371.
101
Calculate the greatest common factor of 58978 and 6.
2
Calculate the highest common factor of 4268 and 255304.
388
What is the highest common divisor of 24075 and 214?
107
Calculate the greatest common factor of 5865 and 8160.
255
What is the highest common divisor of 28026 and 262?
2
Calculate the greatest common factor of 149286 and 1668.
834
What is the greatest common divisor of 12 and 3464?
4
Calculate the greatest common divisor of 28 and 26831.
7
Calculate the highest common divisor of 2608 and 573108.
652
What is the highest common divisor of 2466 and 120149?
137
What is the highest common factor of 1153152 and 176?
176
Calculate the greatest common factor of 627 and 3831.
3
Calculate the greatest common divisor of 80573 and 32311.
409
What is the highest common factor of 187 and 2893?
11
Calculate the greatest common factor of 69 and 21783.
3
Calculate the highest common divisor of 10963 and 57.
19
What is the highest common divisor of 30 and 11530?
10
What is the highest common factor of 1232868 and 13?
13
Calculate the greatest common factor of 153335 and 182.
91
Calculate the highest common divisor of 2 and 9601.
1
What is the highest common factor of 238592 and 6058?
466
What is the greatest common divisor of 344810 and 205?
205
Calculate the highest common factor of 21276 and 216.
108
Calculate the greatest common factor of 3615315 and 110.
55
What is the highest common divisor of 1582 and 13300?
14
Calculate the highest common divisor of 379024 and 368.
16
What is the highest common divisor of 88 and 289?
1
Calculate the highest common divisor of 41 and 1263292.
41
What is the greatest common divisor of 18791 and 92?
23
Calculate the highest common divisor of 53033 and 362.
181
Calculate the greatest common factor of 51824 and 1580.
316
What is the greatest common divisor of 22 and 126104?
22
What is the greatest common factor of 216 and 1368144?
216
What is the greatest common factor of 193683 and 84?
21
Calculate the highest common divisor of 305 and 827648.
61
What is the greatest common factor of 13969970 and 1610?
1610
What is the highest common factor of 10098 and 1386?
198
What is the greatest common factor of 4774 and 2821?
217
What is the greatest common factor of 24025 and 12400?
775
What is the greatest common divisor of 372 and 273?
3
What is the greatest common divisor of 1475 and 3304?
59
What is the highest common divisor of 72 and 296154?
18
Calculate the highest common factor of 3625 and 35125.
125
What is the greatest common factor of 18 and 1384?
2
Calculate the greatest common divisor of 7650 and 32470.
170
What is the greatest common divisor of 3113 and 308?
11
Calculate the highest common factor of 85 and 48025.
85
Calculate the highest common divisor of 136 and 15892.
4
Calculate the highest common divisor of 2794 and 162814.
254
What is the highest common factor of 151611 and 2425?
97
Calculate the highest common divisor of 602 and 54460.
14
Calculate the greatest common divisor of 90 and 1262394.
18
What is the highest common divisor of 27236 and 2156?
44
Calculate the greatest common divisor of 16128 and 2772.
252
What is the highest common factor of 8942 and 646?
34
Calculate the greatest common divisor of 118 and 3186.
118
What is the greatest common factor of 62976 and 2214?
246
What is the greatest common divisor of 270 and 12570?
30
What is the greatest common divisor of 545 and 3144105?
545
Calculate the highest common divisor of 2475 and 1965.
15
Calculate the highest common factor of 3104363 and 641.
641
Calculate the greatest common divisor of 2561 and 13.
13
Calculate the highest common divisor of 78 and 136302.
6
What is the highest common divisor of 138259 and 11?
11
Calculate the highest common factor of 598 and 1518.
46
Calculate the highest common divisor of 78735 and 116.
29
What is the greatest common factor of 295251 and 1265?
253
Calculate the greatest common factor of 35464 and 40.
8
Calculate the highest common divisor of 110 and 65846.
22
Calculate the greatest common divisor of 885 and 181095.
15
What is the highest common factor of 689 and 4399?
53
What is the greatest common factor of 60802 and 172?
86
What is the greatest common factor of 22528 and 11?
11
What is the highest common divisor of 7929 and 63?
9
What is the greatest common divisor of 341 and 539?
11
Calculate the highest common divisor of 1025817 and 52.
13
What is the greatest common factor of 138506 and 2576?
46
Calculate the highest common divisor of 786 and 464133.
393
Calculate the greatest common factor of 446642 and 42.
14
What is the highest common factor of 2017102 and 603?
67
What is the greatest common divisor of 24 and 193944?
24
What is the greatest common factor of 230 and 82335?
5
Calculate the greatest common divisor of 5058 and 288.
18
What is the highest common factor of 72 and 1047582?
18
Calculate the greatest common divisor of 45 and 13660.
5
What is the greatest common factor of 1073 and 435?
29
Calculate the greatest common divisor of 223472 and 368.
16
What is the greatest common divisor of 1156 and 512686?
578
Calculate the greatest common divisor of 83577 and 624.
39
What is the highest common divisor of 24